at is the hundreds digit of 123241207?
2
What is the ten millions digit of 51818908?
5
What is the thousands digit of 432135476?
5
What is the ten thousands digit of 1290594?
9
What is the hundreds digit of 181535695?
6
What is the hundred thousands digit of 28704317?
7
What is the hundred thousands digit of 1674135645?
1
What is the hundreds digit of 2493826?
8
What is the hundred millions digit of 2463414896?
4
What is the tens digit of 722315486?
8
What is the hundreds digit of 223975676?
6
What is the units digit of 42628530?
0
What is the hundreds digit of 70535483?
4
What is the ten millions digit of 910281406?
1
What is the hundreds digit of 17282751?
7
What is the millions digit of 795226841?
5
What is the ten thousands digit of 6213561806?
6
What is the ten thousands digit of 92464018?
6
What is the units digit of 34065720?
0
What is the hundred thousands digit of 5512613510?
6
What is the thousands digit of 36805299?
5
What is the hundred millions digit of 5294202389?
2
What is the hundred thousands digit of 299008930?
0
What is the ten thousands digit of 368577043?
7
What is the hundreds digit of 827276688?
6
What is the hundred thousands digit of 180033423?
0
What is the ten millions digit of 158871691?
5
What is the hundred millions digit of 1040414740?
0
What is the hundred thousands digit of 25024448?
0
What is the hundred millions digit of 403857121?
4
What is the ten thousands digit of 46657715?
5
What is the thousands digit of 599108243?
8
What is the ten thousands digit of 2497292844?
9
What is the hundred thousands digit of 1549376361?
3
What is the ten millions digit of 20844526?
2
What is the hundred millions digit of 3709958593?
7
What is the millions digit of 81839657?
1
What is the thousands digit of 7733658?
3
What is the hundred thousands digit of 17073907?
0
What is the ten millions digit of 655334191?
5
What is the thousands digit of 60091620?
1
What is the hundred millions digit of 2387374751?
3
What is the tens digit of 27823398?
9
What is the millions digit of 1123005221?
3
What is the hundred thousands digit of 235795838?
7
What is the millions digit of 70441489?
0
What is the thousands digit of 580667447?
7
What is the units digit of 816591299?
9
What is the tens digit of 223991744?
4
What is the hundred thousands digit of 414909477?
9
What is the thousands digit of 239356779?
6
What is the ten millions digit of 509010064?
0
What is the hundreds digit of 233945925?
9
What is the millions digit of 379648168?
9
What is the tens digit of 1249230744?
4
What is the ten thousands digit of 2384642840?
4
What is the hundred thousands digit of 179766799?
7
What is the ten thousands digit of 12886047?
8
What is the hundred thousands digit of 59123739?
1
What is the ten millions digit of 34637812?
3
What is the hundreds digit of 2683615387?
3
What is the hundreds digit of 144352159?
1
What is the millions digit of 1286141235?
6
What is the tens digit of 39019948?
4
What is the tens digit of 2153448709?
0
What is the millions digit of 649832965?
9
What is the ten thousands digit of 303092112?
9
What is the millions digit of 5036510693?
6
What is the units digit of 73764036?
6
What is the hundreds digit of 166799615?
6
What is the millions digit of 45390142?
5
What is the ten millions digit of 3197016442?
9
What is the units digit of 6826006?
6
What is the thousands digit of 8816450?
6
What is the units digit of 11821122?
2
What is the units digit of 317128720?
0
What is the tens digit of 211557783?
8
What is the ten thousands digit of 288073635?
7
What is the ten thousands digit of 10897718?
9
What is the ten millions digit of 32309540?
3
What is the tens digit of 19667298?
9
What is the thousands digit of 46835720?
5
What is the millions digit of 1317148874?
7
What is the ten millions digit of 750562002?
5
What is the hundreds digit of 95211572?
5
What is the ten thousands digit of 46912897?
1
What is the ten thousands digit of 1609512973?
1
What is the units digit of 1603857864?
4
What is the hundred thousands digit of 891694948?
6
What is the ten millions digit of 244310990?
4
What is the hundred thousands digit of 229266620?
2
What is the thousands digit of 272614217?
4
What is the hundred millions digit of 314424683?
3
What is the tens digit of 25931488?
8
What is the hundred thousands digit of 17310062?
3
What is the millions digit of 1122444935?
2
What is the units digit of 33679911?
1
What is the ten millions digit of 703611777?
0
What is the ten millions digit of 640497599?
4
What is the millions digit of 1817884?
1
What is the hundreds digit of 309954832?
8
What is the units digit of 1581983464?
4
What is the hundreds digit of 380853170?
1
What is the hundred thousands digit of 701155814?
1
What is the millions digit of 259974101?
9
What is the hundred thousands digit of 17715395?
7
What is the units digit of 1296514948?
8
What is the thousands digit of 2846718288?
8
What is the hundreds digit of 4644692865?
8
What is the hundred thousands digit of 2371932493?
9
What is the hundred millions digit of 4716395164?
7
What is the tens digit of 69842040?
4
What is the ten millions digit of 21492292?
2
What is the hundred thousands digit of 1011798536?
7
What is the hundred thousands digit of 8662767?
6
What is the ten millions digit of 9344818770?
4
What is the units digit of 35932958?
8
What is the billions digit of 7056588277?
7
What is the tens digit of 407850923?
2
What is the hundred thousands digit of 20088388?
0
What is the hundreds digit of 14088693?
6
What is the thousands digit of 282285072?
5
What is the millions digit of 173489369?
3
What is the tens digit of 2642085265?
6
What is the hundred thousands digit of 282357616?
3
What is the hundred millions digit of 3961359348?
9
What is the millions digit of 28634492?
8
What is the tens digit of 3105563341?
4
What is the ten millions digit of 97514972?
9
What is the units digit of 397785608?
8
What is the hundred millions digit of 426672522?
4
What is the thousands digit of 63745603?
5
What is the thousands digit of 12976704?
6
What is the ten thousands digit of 207813150?
1
What is the hundred thousands digit of 215946120?
9
What is the thousands digit of 91108501?
8
What is the units digit of 120931828?
8
What is the ten thousands digit of 3716580?
1
What is the millions digit of 1230736815?
0
What is the hundreds digit of 575149620?
6
What is the tens digit of 21826330?
3
What is the hundred thousands digit of 64187428?
1
What is the ten millions digit of 85306446?
8
What is the hundreds digit of 3977095320?
3
What is the billions digit of 2454219485?
2
What is the hundreds digit of 3552468060?
0
What is the millions digit of 50701476?
0
What is the hundreds digit of 490140036?
0
What is the tens digit of 21631248?
4
What is the millions digit of 20900101?
0
What is the thousands digit of 2668498978?
8
What is the thousands digit of 115405133?
5
What is the thousands digit of 1743496650?
6
What is the tens digit of 3896819423?
2
What is the tens digit of 1214523660?
6
What is the units digit of 116107460?
0
What is the tens digit of 3325888463?
6
What is the thousands digit of 757882973?
2
What is the ten thousands digit of 74669389?
6
What is the tens digit of 763889457?
5
What is the thousands digit of 37706923?
6
What is the millions digit of 4024900359?
4
What is the units digit of 188881628?
8
What is the thousands digit of 5770195784?
5
What is the units digit of 2731444699?
9
What is the units digit of 47892842?
2
What is the hundreds digit of 53099996?
9
What is the units digit of 610388430?
0
What is the tens digit of 3068803730?
3
What is the hundred thousands digit of 924200575?
2
What is the thousands digit of 152829888?
9
What is the thousands digit of 124382878?
2
What is the ten millions digit of 221516597?
2
What is the millions digit of 356885017?
6
What is the ten millions digit of 228131167?
2
What is the hundreds digit of 2801971?
9
What is the hundreds digit of 68714994?
9
What is the ten thousands digit of 34392498?
9
What is the hundred thousands digit of 24294478?
2
What is the millions digit of 1038928797?
8
What is the units digit of 1120003617?
7
What is the billions digit of 1403085646?
1
What is the tens digit of 152118814?